ne m(w).
-10
Let u = 158 + -149. Let o(j) = 3*j - 19. Determine o(u).
8
Let t(d) = -d - 18. Suppose -3*w = -0*w + n + 46, 0 = 3*w - 3*n + 54. Determine t(w).
-2
Let x(u) = -7*u - 1. Let f(p) = -6*p - 1. Let j(r) = -6*f(r) + 5*x(r). Let g be j(0). Let q(b) = -2*b**2 - 2*b + 1. Calculate q(g).
-3
Suppose 54*a = 48*a + 30. Suppose 5 = a*n - 15, 4*m - n = 16. Let t(w) = -w**2 + 6*w - 1. Calculate t(m).
4
Let i(m) be the third derivative of m**8/6720 - m**7/504 - 7*m**5/120 - 19*m**4/24 + 35*m**2. Let h(y) be the second derivative of i(y). What is h(5)?
-7
Let q(y) be the first derivative of y**6/120 - y**5/60 - y**4/24 + 2*y**2 - 55. Let g(d) be the second derivative of q(d). Let s = 0 - 0. Give g(s).
0
Let x(l) = l + 3. Let j be x(-4). Let k(f) = -17 + 17 + 14*f**3 + f**2. Give k(j).
-13
Let w(h) = 17*h + 365. Let p be w(-21). Let d(y) = -3*y + 20. Determine d(p).
-4
Let t(z) = -z - 4. Let j = 48 - 16. Suppose j*l = 33*l. Calculate t(l).
-4
Let g(m) = -m**3 - 7*m**2 + 10*m + 10. Let q be g(-8). Let f be q/21 + (-23)/(-7). Suppose 3*t = -3*k, 1 = -2*k - f. Let c(l) = -l**2 + l + 1. What is c(t)?
-1
Let i(a) = -a**2 - a - 6. Let z(v) = -v**3 + 6*v**2 - 8*v + 15. Let j be z(5). Let t be (2 + -2 + j)/1. Calculate i(t).
-6
Let d(g) = g**2 + 61*g - 258. Let c be d(-65). Let r(m) be the second derivative of -7/6*m**3 + 1/12*m**4 + 0 - 3*m + 3/2*m**c. What is r(5)?
-7
Let i(u) be the first derivative of u**4/4 - 7*u**3/3 - 7*u**2/2 - 10*u + 30. Determine i(8).
-2
Suppose -3*x + 34 = 5*u, -x + 4*u = x - 52. Let o = 15 - x. Let q(w) = 5*w. What is q(o)?
-15
Suppose -n = n - 2. Let a(y) = -13 - 9*y - 22*y + 17. Let u(j) = 10*j - 1. Let l(z) = -2*a(z) - 7*u(z). What is l(n)?
-9
Let q(s) = -5*s**2. Let l be -1 + -2 - (-2 + 0). Determine q(l).
-5
Let z(j) = -j + 4. Let i be z(-4). Let v be ((i/(-3))/(-4))/((-6)/9). Let d(b) = -2*b**3 + b**2 - 1. Determine d(v).
2
Let c(y) = -y**2 + y + 17. Let l be c(6). Let g(o) = -2*o - 13. Let k(j) = j + 6. Let v(f) = l*k(f) - 6*g(f). What is v(-5)?
5
Let y(r) = 3*r**2 - r + 4. Let w(t) = -4*t**2 + t - 5. Let v(k) = 4*w(k) + 5*y(k). Suppose 2*b + 9 = 5*i, b - 2*i = -4*i. What is v(b)?
-2
Suppose f + 3*f - 4*j - 8 = 0, -j = 3*f - 22. Let g(c) = -6*c**3 + 10*c**2 + 3*c + 1. Let h(y) = -y**3 + y**2 - y. Let w(i) = g(i) - 5*h(i). Calculate w(f).
13
Let a be -1 + 586 + -4 + (2 - -1). Let b(z) = -a*z - 2*z**2 + 9 + 590*z + z**2. What is b(8)?
-7
Let z(x) = 18*x**2 + x + 1. Let u = -196 + 195. Determine z(u).
18
Let u(d) = d + 1. Let t(a) = -2. Let n(l) = -t(l) - u(l). Let m = -893 - -893. Give n(m).
1
Suppose 4*q + 43 = r + 7, -2*q - r - 12 = 0. Let c(m) = 3*m + 3. What is c(q)?
-21
Let s = -26 - -60. Let a(l) = 11 + l + 15 + 9 - s. Let f(b) = 1. Let k(i) = -2*a(i) + 3*f(i). Determine k(1).
-1
Suppose -g - 20 = 5*n - 8, -3*g + 12 = -n. Let p = -12 + 27. Suppose 0 = -5*d + 5*u - 15, 2*u + g*u = p. Let k(b) = b**3 - b**2 - b - 2. Determine k(d).
-2
Let m(g) be the second derivative of 5*g**4/12 + 7*g - 1. What is m(1)?
5
Let i be (-3 - 26/(-10))*1*5. Let o be (-8)/(i*2) + -2 + -2. Let c(v) = -10*v - 3. Give c(o).
17
Let m(t) = -4*t**2 - 2*t + 1. Suppose -2*g = 2*f - 4*g, 2*f + 3*g = 0. Suppose -2*j = 5*n - 8, 0 = 4*j - n + 5*n - 16. Suppose -j + f = -4*a. Calculate m(a).
-5
Let h be (-1 + 5)*-26*(-6)/48. Let n(b) = -b + 14. Give n(h).
1
Suppose -5 = -3*d + 1. Let s be 4/24 + d/(-12). Let a = s + 2. Let t(f) = -f**2 + 2*f - 3. Calculate t(a).
-3
Suppose 0*k = 6*k - 18. Let z(m) = -3*m**3 + 93*m + 5 + 3*m**3 - 96*m + 4*m**2 + m**k. Determine z(-5).
-5
Let q = 27 - 15. Let y be 44/q - 8/(-6). Let h(f) = -f**2 + 3*f + 6. Calculate h(y).
-4
Let j(q) be the third derivative of q**7/840 + q**6/180 - q**4/6 + 11*q**3/6 + q**2. Let p(r) be the first derivative of j(r). What is p(-3)?
-13
Let u(a) = -128*a**2 + 3*a + 3*a + 129*a**2 + 6. Give u(-6).
6
Let p(t) be the second derivative of -3*t + 0 - 1/6*t**3 - 3*t**2 + 3/20*t**5 + 0*t**4. Let j(n) be the first derivative of p(n). What is j(-1)?
8
Let s(v) be the first derivative of -v**2/2 + 3*v + 1. Let b(u) = 10*u - 13. Let t be b(1). Give s(t).
6
Let j(s) = -s**2 + 10*s - 20. Let h be j(6). Let d be (-54)/12*(2 - h). Suppose 0 = -3*b - d, -3*b + 2 = 5*o - 7*b. Let a(x) = 2*x. Determine a(o).
-4
Let d(v) be the third derivative of v**6/120 + v**5/30 - 5*v**4/24 + 7*v**3/6 - 34*v**2 + 9. Calculate d(-3).
13
Let c(o) = 4*o**2 + o**3 + 4*o + 1 + 0*o - 2*o**2 - o + 3*o**2. Calculate c(-4).
5
Let n = 63 + -54. Let a(q) = 8*q**2 - 9*q**2 - n - 24*q + 34*q. Calculate a(6).
15
Let l(s) = -2*s - 3. Suppose -4*r + 5 = 5*u, -4 = 3*r + 4*u - 9. Calculate l(r).
7
Let b(g) = 10*g - 40. Let y be b(7). Suppose 8*z + 78 = y. Let a(p) = 2*p - 7. Give a(z).
-19
Let c be (-37)/(-4) - (-2)/(-8). Let i be 1/3*(c + -3). Let r(x) = 2*x + 1. Let y(t) = 9*t + 8. Let h(o) = -5*r(o) + y(o). Determine h(i).
1
Let l = -30 + 30. Let s(r) = -7*r + 8*r + 4 + 5. What is s(l)?
9
Let k(f) = 4*f**3 + 7*f**2 + 2*f + 1. Let w(d) = 7*d**3 + 13*d**2 + 4*d + 1. Let x = 0 + 3. Let p(b) = x*w(b) - 5*k(b). Give p(-3).
1
Let p(m) be the first derivative of -m**7/840 + m**6/60 + m**5/60 - 5*m**4/24 + 4*m**3/3 + 21. Let t(u) be the third derivative of p(u). Determine t(6).
7
Let h(i) be the first derivative of 19*i**4/4 + i + 169. What is h(1)?
20
Let z be 60/18 + (-3)/9. Let l(a) be the first derivative of -a**6/120 + a**5/15 - a**4/12 - a**2 + 1. Let u(f) be the second derivative of l(f). What is u(z)?
3
Let s(m) = 316*m + 310*m + 27*m**2 - 627*m. Give s(-1).
28
Suppose 0 = -0*f + f + 3*f. Suppose f = w - 4*q - 8, -w - 2 = w - 2*q. Let v(h) = 2*h**2 + 5*h + 3. Give v(w).
15
Let r(q) = 14*q - 8 + 3*q**2 - 8 + 0. Let h(n) = n**2 + 7*n - 8. Let c(s) = 5*h(s) - 2*r(s). Let p be -3 - -1 - 8/(-1). What is c(p)?
-2
Let l(y) = 7*y**3 - y**2 - y. Let b(p) be the second derivative of 0 - 2*p - 11/6*p**3 - 1/12*p**4 + 11/2*p**2. Let a be b(-12). Determine l(a).
-7
Let z(y) = -y. Let t(a) = -5*a**3 + a + 1. Let n be t(-1). Suppose -l = s - 1, s + n*l + 13 = -2. Give z(s).
-5
Let a(g) = -9*g**2 - 8*g - 2. Let i be a(-1). Let s(t) = -t**3 - 2*t**2 + t. Give s(i).
6
Let z be -2 + 11 + 24 + -29 + -7. Let t(h) = -h**3 - 2*h**2 + 5*h + 3. Give t(z).
-3
Let t be ((-66)/99)/((-2)/(-9)). Let k(l) = 8*l + 2. Give k(t).
-22
Let i(r) = -r**3 - r - 7. Let u = 7 - 4. Let a be -9*(0 - 8/u). Let l be (-6)/8 + a/32. Determine i(l).
-7
Let r = 19 + -10. Suppose r = -2*g - g. Let o(t) = -3*t**3 - 5*t**2 + 2*t - 1. Let m(u) = -7*u**3 - 11*u**2 + 4*u - 3. Let i(h) = 2*m(h) - 5*o(h). What is i(g)?
5
Let i(k) = 5*k**2 - 6*k + 10. Let w(q) = 9*q**2 - 11*q + 19. Let h(r) = 11*i(r) - 6*w(r). Determine h(0).
-4
Let y(m) = 8*m - 7. Let r = 175 - 170. Determine y(r).
33
Let q(p) = 7 - 13 - 2*p - 10 + p. Suppose -w - 4*u - 7 = 0, 0*w = -4*w + 5*u - 28. Calculate q(w).
-9
Let z = -10 - -6. Let o = z - -10. Let k(p) = 3*p**2 + p - 1. Let s(q) = 17*q**2 + 12*q - 7. Let i(b) = -6*k(b) + s(b). Determine i(o).
-1
Let k(d) = -8*d + 1. Let c(i) = 16*i + 1. Let g(z) = -2*c(z) - 5*k(z). What is g(5)?
33
Let u(a) = -6*a**2 + 2*a - 1. Let l be u(1). Let g = 5 + l. Let k(v) = -56*v**2 + 8 - v + 0 + 57*v**2. Calculate k(g).
8
Let k(t) be the second derivative of 5/3*t**3 + 4*t - 1/2*t**2 + 0. Suppose -4*p + 0 = 4. Determine k(p).
-11
Let f(r) = 0*r + 4 + 4 + r. Suppose -5*b - 1 + 71 = -5*i, -i - b - 4 = 0. Determine f(i).
-1
Let k = -555 + 560. Let l(p) = p**2 - 4*p - 2. Give l(k).
3
Let q(k) be the second derivative of -k**5/10 - k**4/12 + k**3/2 - k**2 - 20*k + 8. Determine q(-3).
34
Let p(m) = 4*m - 5. Let q(k) = -k + 19. Let t be q(14). Suppose -3*u + 62 = -w, w - t = -1. Let c = u - 18. Give p(c).
11
Let q(c) = -2 + 9 + 2*c + 1 + 3*c**2. Let j(i) = 7*i**2 + 4*i + 16. Let r(m) = 2*j(m) - 5*q(m). Let a(x) be the first derivative of r(x). Determine a(3).
-8
Let r(u) be the second derivative of -5*u**3/2 - 3*u**2 + 10*u - 20. Determine r(3).
-51
Suppose -2*w = -4*m + 14, -3*m + 83 = -5*w + 20. Let x = 18 + w. Let l(b) = -9 - 3*b**2 - 2*b**2 - 2*b + 5*b**2 - 6*b**2 - b**x. Give l(-6).
3
Let r(p) = -p**3 + 3*p**2 - 7*p - 15. Let f(o) = -8*o**3 + 20*o**2 - 48*o - 108. Let d(k) = -2*f(k) + 15*r(k). Let h = -14 - -8. Give d(h).
9
Let p(z) = z**2 + z - 2. Let d(m) = 5*m**2 + 13*m - 3. Let r(